divisor of b and 144?
18
Let n = -1 + 4. Let i be 80 - 0/(n/1). Let s be 32*((-35)/10 - -4). What is the greatest common divisor of s and i?
16
Suppose 0 = -29*v + 416 - 10. Let c(q) = q**2 - q - 2. Let n be c(-3). Let g = v - n. Calculate the greatest common divisor of 6 and g.
2
Let p(a) = a**3 - 7*a**2 + 8*a - 11. Let q = -18 - -24. Let d be p(q). Let x be 19*d + (-7 - -4). What is the greatest common factor of 48 and x?
16
Let y(u) be the second derivative of 1/6*u**3 + 4*u**2 - 12*u + 0. Let l be y(-7). What is the highest common factor of 8 and l?
1
Let x = 626 + -608. What is the highest common divisor of x and 1314?
18
Suppose 3*k + 0*k + 5*w - 106 = 0, -k - 5*w = -52. Calculate the highest common factor of k and 459.
27
Let f(y) = -308*y - 227. Let q be f(-3). What is the greatest common factor of q and 17?
17
Suppose 21*x = 277 + 17. Let o be -3*831/(-9) - 2. Let z = 401 - o. What is the highest common divisor of x and z?
14
Let d(p) = -8*p**3 - 8*p**2 - 19*p - 82. Let a be d(-6). Calculate the greatest common factor of 46 and a.
46
Let i be (150/5 - 6) + 0. Calculate the greatest common divisor of 56 and i.
8
Suppose 5*t - 2*t = 12. Suppose 2*f - 4*u = 64, 15*u - 18*u - 113 = -4*f. Let q be 1/((t/f)/2). Calculate the highest common divisor of q and 13.
13
Let k(n) = 2*n**3 - 4*n**2 + 13*n - 35. Let a be k(3). Suppose -z = -2*z + 154. Calculate the highest common factor of a and z.
22
Let c be (-4)/80*-5 - 319/(-4). Let p = 91 + -33. Let k = -26 + p. Calculate the highest common divisor of k and c.
16
Let r(p) = -15*p + 240. Let q be r(7). What is the greatest common divisor of 360 and q?
45
Suppose -25 = 7*o - 2*o, 4*o - 44 = 2*a. Let h be (-20)/(-3)*(-14 - a). What is the greatest common factor of h and 40?
40
Let y(k) = k**3 - 11*k**2 + 14*k - 5. Suppose 4*u - 27 = 25. Let b = 23 - u. Let t be y(b). Calculate the greatest common factor of t and 5.
5
Let b = 17 + -7. Suppose 0 = 3*y - 7*y + 5*n + 23, -b = y + 4*n. What is the highest common factor of 2 and y?
2
Suppose -5*x = -2*z + 122, 13*z - 16*z + x = -170. Suppose 2*q - 46 = -0*q. Suppose 4*t - q = 5. Calculate the highest common divisor of t and z.
7
Let q(r) = -r**2 + 8*r + 4. Let m be q(7). Suppose -3*g = -g - 154. Calculate the highest common divisor of m and g.
11
Let n(f) = 3*f + 5. Let u be n(3). Let t(z) = 2*z**2 + 4*z - 6. Let m be t(-6). Calculate the greatest common factor of u and m.
14
Let p(l) = -2*l + 13. Suppose -5 - 4 = -3*x. Let d be -2*(15/6 + x). Let i be p(d). What is the highest common factor of 5 and i?
5
Let w be 1/4 - (227/(-4) - -1). Calculate the highest common factor of w and 7.
7
Suppose -3*v + 1 = 37. Let c = v - -12. Let k be (-6)/(-2)*3 + c. What is the highest common factor of k and 54?
9
Suppose 3*x - 376 = -x. Suppose -3*w + 238 = x. Suppose -547*m + 511*m = -432. What is the greatest common divisor of m and w?
12
Let b(f) = -f**2 - 10*f + 4. Let g be b(-8). Suppose -6*t + 2*t - 104 = 0. Let x = 36 + t. What is the highest common factor of g and x?
10
Let j(i) = -i**2 - 9*i + 22. Let d be j(-11). Let r be (-28)/(2 + d)*(-645)/86. Calculate the highest common divisor of 42 and r.
21
Suppose 265 - 67 = -2*y + r, -5*y + 3*r - 496 = 0. Let h = -90 - y. What is the highest common divisor of 72 and h?
8
Suppose -2*c + 26 = x, 0*x + 30 = x + 3*c. Let h = 28 - x. Calculate the highest common factor of h and 10.
10
Suppose 0 = 3*g + 5*p - 209, 2*p + 17 = 7. Calculate the highest common factor of 6 and g.
6
Let z(u) = -u**3 + 7*u**2 + u - 2. Let x be z(6). Suppose -x = -2*k + 20. What is the highest common factor of k and 240?
30
Let h(f) = f**3 + 15*f**2 + 19*f - 84. Let m be h(-13). Let z(i) = -4*i - 11. Let c be z(-8). Calculate the greatest common factor of m and c.
7
Suppose m + 47 + 85 = 0. Let z = 274 - m. What is the highest common divisor of z and 58?
58
Suppose -2*h - 114 = -4*m, -5*h = 4*m - 2*m - 39. Suppose -n = 4*n. Suppose -2*b + b + 3 = n. What is the highest common divisor of b and m?
3
Suppose -3*h + 5*p + 17 = -0*h, h + 4*p = 0. Suppose 8*l = 24*l - 4032. Suppose -l = -h*r + r. Calculate the highest common divisor of r and 12.
12
Suppose -43*f + 2934 = -7472. What is the highest common factor of 1331 and f?
121
Suppose -4*t + 120 = 3*f, 3*t - 104 - 49 = -4*f. Let y(m) = -m**2 + 7*m - 6. Let p be y(5). What is the highest common factor of f and p?
4
Suppose 3*x + 196 = 10*x. Let n(b) = -b + 1. Let v be n(-1). Suppose v*h - x = 36. What is the greatest common divisor of h and 8?
8
Suppose 0 = 5*b - h + 93 - 833, -b + 157 = -2*h. Calculate the highest common factor of 126 and b.
21
Suppose -14*h = -9*h - 425. What is the highest common factor of 15 and h?
5
Suppose n - 2*r = -r + 114, -4*r = 5*n - 534. Let g = n - 50. What is the highest common factor of 24 and g?
12
Suppose 3*d + 642 + 222 = 0. Let r = 181 + d. Let z = r - -170. What is the greatest common factor of z and 42?
21
Let p be (-100)/150 + 2224/6. What is the highest common factor of 10 and p?
10
Let w = 718 + -620. Let a(b) = b + 35. Let z be a(0). Let y = z - 21. What is the highest common divisor of w and y?
14
Let j = -499 - -501. What is the highest common divisor of j and 18?
2
Let x be (-6)/4*124868/(-186). Calculate the greatest common factor of 212 and x.
53
Let w(a) = -a**2 - 10*a + 13. Let p be w(-11). Suppose -5*x - p*k + 3 = -19, 4*k + 8 = 3*x. Calculate the greatest common factor of x and 2.
2
Let x(z) = -z**3 - 18*z**2 + 19*z + 14. Let t be x(-19). Let y = t + 17. What is the greatest common factor of 279 and y?
31
Let t = 59 - 54. Suppose t*s - 172 - 3 = 0. What is the highest common divisor of 7 and s?
7
Let i = 343 + -268. What is the highest common factor of 45 and i?
15
Suppose -5*z + 97 = -20*y + 24*y, -z = -5*y + 114. Suppose 4*t - 3*n = 60 + 391, -4*n + 12 = 0. What is the greatest common factor of t and y?
23
Suppose 7*n - 8*n = -7. Let y(z) = -2*z**2 + 10*z + 1. Let k be y(n). Let x = -9 - k. What is the greatest common factor of 18 and x?
18
Let l(i) = 2*i**3 - 6*i**2 - 14*i + 8. Let p = -16 - -22. Let k be l(p). Calculate the highest common divisor of k and 20.
20
Let q(s) = 339*s**3 + 15*s - 14. Let t be q(1). Calculate the greatest common factor of t and 80.
20
Let o(s) = -s + 2. Let l = 2 - 2. Let z be o(l). Suppose 3*i = 5*q + 2*i - 68, 4*i + 20 = 2*q. What is the highest common divisor of q and z?
2
Suppose 18 + 18 = 3*p - 2*y, 6 = 2*y. Let j = p + -8. What is the greatest common divisor of 18 and j?
6
Let m = 6639 + -6638. Suppose -3*f = -4*f + 27. Calculate the greatest common divisor of f and m.
1
Let r = 236 - 100. Calculate the highest common factor of r and 238.
34
Suppose 9 = -12*l + 213. What is the highest common divisor of 1 and l?
1
Let p(t) = t + 13. Let r be p(0). Suppose -4*q - 8 = -2*d, -q + 2*d - 3 = -7. Let c be ((-91)/(-14))/((-2)/q). What is the greatest common divisor of c and r?
13
Let r = 10 - 17. Let v(s) = 3 + 8 + 4*s - 13 + s**2 + 5. Let o be v(r). Calculate the greatest common divisor of o and 3.
3
Let b = 62 - 48. Let r = 50 + -84. Let u = 104 + r. Calculate the highest common factor of u and b.
14
Let v = 187 - 184. What is the highest common factor of 345 and v?
3
Suppose -3*n = 3*v - 5*v - 58, -78 = -4*n + 3*v. Suppose 5*u = 8*u - n. Suppose 0*h + 264 = u*h. What is the highest common divisor of 66 and h?
22
Let q be 2 - 3 - (-20)/2. Let s be 280/90 - (2 + 17/(-9)). Calculate the highest common divisor of s and q.
3
Let p be 3 + 0 + 4/((-12)/129). Let d = 14 - p. What is the highest common factor of 6 and d?
6
Let a = -51 - -78. Suppose -f - 4*f + 3*r - 20 = 0, 4*r - 19 = -f. Let x(k) = -191*k - 2. Let b be x(f). Calculate the highest common factor of a and b.
27
Let a(u) be the third derivative of 5*u**2 + 0*u - 11/24*u**4 - u**3 + 0. Let t be a(-6). What is the greatest common factor of 12 and t?
12
Let d be (8 - -2)*6/15. Suppose 5*q + 67 = 2*x, -x + 0*x + d*q + 35 = 0. What is the highest common factor of 155 and x?
31
Let a = 743 - 663. What is the greatest common divisor of 340 and a?
20
Let g = -1714 - -2749. What is the highest common divisor of 276 and g?
69
Let w be 2/(-8) - 224/128. Let y(z) = 6*z**2 + 3*z - 4. Let r be y(w). Let u = 357 - 231. Calculate the highest common divisor of u and r.
14
Su